8522?
5
What is the thousands digit of 10140132?
0
What is the hundred thousands digit of 7340824?
3
What is the thousands digit of 480260?
0
What is the ten thousands digit of 355131?
5
What is the hundred thousands digit of 181240?
1
What is the thousands digit of 2124381?
4
What is the hundred thousands digit of 5178971?
1
What is the ten thousands digit of 13263228?
6
What is the ten thousands digit of 336390?
3
What is the ten thousands digit of 3395056?
9
What is the ten thousands digit of 498636?
9
What is the hundred thousands digit of 990468?
9
What is the units digit of 181127?
7
What is the ten thousands digit of 84841?
8
What is the units digit of 6578197?
7
What is the tens digit of 15028670?
7
What is the units digit of 165639?
9
What is the hundred thousands digit of 4701056?
7
What is the ten thousands digit of 12583154?
8
What is the hundreds digit of 550790?
7
What is the hundred thousands digit of 527192?
5
What is the tens digit of 7562119?
1
What is the hundreds digit of 703533?
5
What is the hundreds digit of 223791?
7
What is the tens digit of 18236?
3
What is the tens digit of 2324534?
3
What is the millions digit of 10606362?
0
What is the tens digit of 558032?
3
What is the millions digit of 2437941?
2
What is the thousands digit of 2830840?
0
What is the hundred thousands digit of 502702?
5
What is the thousands digit of 62097?
2
What is the hundred thousands digit of 5069430?
0
What is the hundred thousands digit of 181127?
1
What is the hundred thousands digit of 4263239?
2
What is the units digit of 114201?
1
What is the hundreds digit of 2883499?
4
What is the hundreds digit of 4808767?
7
What is the tens digit of 9051185?
8
What is the tens digit of 18549004?
0
What is the tens digit of 1891485?
8
What is the thousands digit of 815074?
5
What is the tens digit of 560826?
2
What is the ten thousands digit of 2006986?
0
What is the hundreds digit of 3951955?
9
What is the ten millions digit of 13138678?
1
What is the hundreds digit of 1046869?
8
What is the hundreds digit of 127867?
8
What is the hundreds digit of 231289?
2
What is the ten thousands digit of 5194536?
9
What is the hundreds digit of 330610?
6
What is the tens digit of 25357606?
0
What is the units digit of 477700?
0
What is the units digit of 54346?
6
What is the ten thousands digit of 564772?
6
What is the hundred thousands digit of 271747?
2
What is the tens digit of 201366?
6
What is the units digit of 311774?
4
What is the thousands digit of 745161?
5
What is the thousands digit of 295792?
5
What is the hundreds digit of 220236?
2
What is the hundred thousands digit of 1963653?
9
What is the millions digit of 4552651?
4
What is the ten thousands digit of 32553?
3
What is the hundred thousands digit of 1092622?
0
What is the hundreds digit of 274992?
9
What is the thousands digit of 3051829?
1
What is the ten thousands digit of 62444?
6
What is the millions digit of 9332524?
9
What is the thousands digit of 1063265?
3
What is the tens digit of 206767?
6
What is the hundreds digit of 1254164?
1
What is the hundred thousands digit of 3937012?
9
What is the hundreds digit of 4051962?
9
What is the thousands digit of 4087927?
7
What is the units digit of 2486058?
8
What is the tens digit of 123335?
3
What is the ten millions digit of 15944380?
1
What is the hundreds digit of 245693?
6
What is the thousands digit of 118762?
8
What is the ten thousands digit of 27224382?
2
What is the thousands digit of 482940?
2
What is the hundred thousands digit of 3575344?
5
What is the ten thousands digit of 369987?
6
What is the millions digit of 13455234?
3
What is the units digit of 319061?
1
What is the units digit of 191679?
9
What is the tens digit of 12849438?
3
What is the thousands digit of 45438?
5
What is the hundreds digit of 2090733?
7
What is the hundreds digit of 1108813?
8
What is the millions digit of 13687430?
3
What is the tens digit of 1148725?
2
What is the hundreds digit of 52475?
4
What is the ten thousands digit of 491083?
9
What is the hundreds digit of 37876506?
5
What is the hundred thousands digit of 414822?
4
What is the ten thousands digit of 251982?
5
What is the millions digit of 7528235?
7
What is the ten thousands digit of 281310?
8
What is the thousands digit of 7529312?
9
What is the thousands digit of 18727624?
7
What is the ten thousands digit of 1115728?
1
What is the units digit of 7527722?
2
What is the ten thousands digit of 208463?
0
What is the ten thousands digit of 22057392?
5
What is the hundreds digit of 292417?
4
What is the hundred thousands digit of 1412947?
4
What is the hundreds digit of 221568?
5
What is the thousands digit of 2102390?
2
What is the units digit of 5391770?
0
What is the units digit of 17937597?
7
What is the thousands digit of 7648765?
8
What is the units digit of 181655?
5
What is the thousands digit of 569179?
9
What is the thousands digit of 9760522?
0
What is the tens digit of 58793?
9
What is the tens digit of 45503?
0
What is the hundred thousands digit of 189771?
1
What is the tens digit of 762458?
5
What is the hundred thousands digit of 570578?
5
What is the thousands digit of 571698?
1
What is the ten thousands digit of 117056?
1
What is the thousands digit of 780146?
0
What is the units digit of 52805?
5
What is the thousands digit of 90729?
0
What is the hundreds digit of 3825380?
3
What is the ten thousands digit of 5927419?
2
What is the hundreds digit of 194537?
5
What is the hundreds digit of 2551329?
3
What is the units digit of 2498856?
6
What is the thousands digit of 4519811?
9
What is the hundreds digit of 11440069?
0
What is the tens digit of 381915?
1
What is the ten thousands digit of 472177?
7
What is the units digit of 47971?
1
What is the tens digit of 73025?
2
What is the ten thousands digit of 1446811?
4
What is the ten thousands digit of 1440540?
4
What is the tens digit of 6512933?
3
What is the ten thousands digit of 671951?
7
What is the thousands digit of 3805910?
5
What is the thousands digit of 605708?
5
What is the hundreds digit of 922055?
0
What is the ten thousands digit of 32883367?
8
What is the thousands digit of 603799?
3
What is the hundred thousands digit of 849589?
8
What is the ten thousands digit of 2348323?
4
What is the units digit of 195810?
0
What is the units digit of 156455?
5
What is the thousands digit of 133381?
3
What is the ten thousands digit of 54385?
5
What is the ten thousands digit of 9843985?
4
What is the units digit of 21447658?
8
What is the tens digit of 335938?
3
What is the thousands digit of 7206060?
6
What is the tens digit of 83016?
1
What is the millions digit of 14310602?
4
What is the hundreds digit of 8534095?
0
What is the thousands digit of 286878?
6
What is the hundreds digit of 6463040?
0
What is the hundreds digit of 6043073?
0
What is the ten millions digit of 19404794?
1
What is the ten thousands digit of 72248?
7
What is the hundreds digit of 287977?
9
What is the tens digit of 747179?
7
What is the millions digit of 6251670?
6
What is the hundred thousands digit of 591533?
5
What is the hundred thousands digit of 326284?
3
What is the hundred thousands digit of 3282115?
2
What is the tens digit of 39980?
8
What is the hundreds digit of 13122213?
2
What is the units digit of 1028210?
0
What is the tens digit of 548436?
3
What is the tens digit of 1306935?
3
What is the ten thousands digit of 3221460?
2
What is the thousands digit of 960368?
0
What is the tens digit of 988007?
0
What is the hundreds digit of 45519?
5
What is the units digit of 200988?
8
What is the tens digit of 43930?
3
What is the ten thousands digit of 509677?
0
What is the hundred thousands digit of 10223672?
2
What is the tens digit of 1449403?
0
What is the units digit of 236786?
6
What is the hundreds digit of 345954?
9
What is the hundred thousands digit of 2111506?
1
What is the hundreds digit of 1570659?
6
What is the hundreds digit of 718942?
9
What is the thousands digit of 129234?
9
What is the millions digit of 2161957?
2
What is the tens digit of 11494488?
8
What is the units digit of 6148369?
9
What is the hundred thousands digit of 3707166?
7
What is the thousands digit of 1724690?
4
What is the tens digit of 27285425?
2